s 1672 a multiple of 2?
True
Is 1770 a multiple of 104?
False
Does 10 divide 7480?
True
Is 98 a factor of 89149?
False
Is 42 a factor of 4287?
False
Does 21 divide 1386?
True
Does 53 divide 14197?
False
Is 61 a factor of 4147?
False
Is 14082 a multiple of 6?
True
Is 47 a factor of 423?
True
Does 147 divide 6193?
False
Is 21 a factor of 777?
True
Does 12 divide 9240?
True
Is 2 a factor of 616?
True
Does 45 divide 214?
False
Does 27 divide 4050?
True
Does 11 divide 26081?
True
Does 2 divide 555?
False
Is 19 a factor of 7964?
False
Does 21 divide 1050?
True
Is 982 a multiple of 27?
False
Does 7 divide 4809?
True
Is 31 a factor of 527?
True
Does 13 divide 123110?
True
Does 124 divide 35216?
True
Is 10 a factor of 24630?
True
Is 10 a factor of 16310?
True
Is 8 a factor of 78?
False
Is 11140 a multiple of 20?
True
Does 2 divide 102?
True
Does 12 divide 3051?
False
Is 6026 a multiple of 10?
False
Is 391 a multiple of 23?
True
Is 78 a factor of 81730?
False
Does 96 divide 421?
False
Is 7527 a multiple of 39?
True
Is 16146 a multiple of 13?
True
Does 26 divide 404?
False
Does 34 divide 16408?
False
Is 38 a multiple of 5?
False
Is 8623 a multiple of 6?
False
Is 1337 a multiple of 191?
True
Does 12 divide 217?
False
Is 720 a multiple of 6?
True
Is 1724 a multiple of 113?
False
Does 22 divide 4712?
False
Is 3486 a multiple of 169?
False
Is 2041 a multiple of 107?
False
Is 954 a multiple of 7?
False
Is 12 a multiple of 6?
True
Is 2871 a multiple of 9?
True
Does 12 divide 10380?
True
Is 715 a multiple of 13?
True
Is 8 a factor of 47824?
True
Does 12 divide 3408?
True
Is 68 a multiple of 8?
False
Is 19954 a multiple of 38?
False
Is 616 a multiple of 7?
True
Does 6 divide 174?
True
Is 23 a factor of 1679?
True
Is 1233 a multiple of 9?
True
Is 15470 a multiple of 17?
True
Is 11 a factor of 55?
True
Does 7 divide 684?
False
Is 13 a factor of 299?
True
Is 18 a factor of 9684?
True
Is 130 a factor of 1950?
True
Is 75 a factor of 1425?
True
Is 17 a factor of 1109?
False
Is 3750 a multiple of 30?
True
Does 33 divide 6600?
True
Does 17 divide 663?
True
Is 3796 a multiple of 73?
True
Is 340 a multiple of 72?
False
Does 16 divide 91937?
False
Does 29 divide 1792?
False
Is 6080 a multiple of 15?
False
Does 17 divide 1292?
True
Does 14 divide 19288?
False
Is 36 a factor of 900?
True
Does 12 divide 23085?
False
Is 36 a factor of 200?
False
Is 72 a factor of 6192?
True
Is 13 a factor of 43979?
True
Is 13 a factor of 1081?
False
Does 18 divide 39888?
True
Does 18 divide 1046?
False
Is 20 a factor of 4892?
False
Is 10 a factor of 40?
True
Is 60 a multiple of 4?
True
Is 5160 a multiple of 26?
False
Does 3 divide 217?
False
Is 11 a factor of 1386?
True
Is 25991 a multiple of 25?
False
Does 37 divide 5920?
True
Is 593 a multiple of 31?
False
Is 261 a multiple of 29?
True
Is 746 a multiple of 16?
False
Is 188 a factor of 54896?
True
Does 14 divide 12474?
True
Is 15 a factor of 3227?
False
Is 22 a factor of 1272?
False
Is 3 a factor of 16?
False
Does 15 divide 49245?
True
Is 6 a factor of 282?
True
Does 22 divide 20570?
True
Does 7 divide 22820?
True
Is 2395 a multiple of 29?
False
Is 3 a factor of 54?
True
Is 42 a factor of 7348?
False
Is 11 a factor of 242?
True
Does 6 divide 3168?
True
Does 23 divide 4646?
True
Is 6 a factor of 18276?
True
Is 222 a multiple of 111?
True
Does 15 divide 107985?
True
Is 12803 a multiple of 14?
False
Does 49 divide 1732?
False
Is 54 a factor of 5427?
False
Is 78 a factor of 40892?
False
Is 798 a multiple of 7?
True
Does 47 divide 21197?
True
Is 107232 a multiple of 35?
False
Does 89 divide 7319?
False
Does 35 divide 33740?
True
Is 505 a multiple of 39?
False
Is 90 a factor of 2259?
False
Is 8 a factor of 192?
True
Is 124 a factor of 352?
False
Does 163 divide 2934?
True
Is 320 a multiple of 10?
True
Does 25 divide 1850?
True
Is 9 a factor of 11627?
False
Is 2 a factor of 83?
False
Is 20965 a multiple of 429?
False
Is 76 a factor of 214?
False
Is 69120 a multiple of 135?
True
Is 14 a factor of 1022?
True
Is 18057 a multiple of 13?
True
Is 519 a multiple of 7?
False
Is 1442 a multiple of 103?
True
Is 8 a factor of 13924?
False
Is 13 a factor of 274?
False
Is 8 a factor of 421?
False
Does 5 divide 54?
False
Is 535 a multiple of 27?
False
Does 15 divide 675?
True
Does 25 divide 2399?
False
Is 68 a factor of 2415?
False
Does 265 divide 26500?
True
Is 10 a factor of 13761?
False
Is 4438 a multiple of 153?
False
Does 27 divide 351?
True
Does 69 divide 897?
True
Does 32 divide 959?
False
Does 11 divide 2743?
False
Is 8257 a multiple of 28?
False
Is 10 a factor of 923?
False
Does 66 divide 2263?
False
Is 7 a factor of 7?
True
Is 764 a multiple of 4?
True
Is 31 a factor of 838?
False
Does 137 divide 411?
True
Is 15 a factor of 720?
True
Does 8 divide 111?
False
Does 67 divide 29949?
True
Is 4 a factor of 167?
False
Is 474 a multiple of 79?
True
Is 24 a factor of 48?
True
Does 93 divide 2697?
True
Does 15 divide 840?
True
Is 44 a factor of 23980?
True
Is 4137 a multiple of 7?
True
Is 19350 a multiple of 6?
True
Does 20 divide 3000?
True
Is 45288 a multiple of 9?
True
Does 10 divide 120?
True
Does 22 divide 80036?
True
Is 242 a multiple of 4?
False
Is 12 a factor of 43521?
False
Is 90 a factor of 5670?
True
Is 112 a factor of 20434?
False
Is 3 a factor of 6?
True
Does 32 divide 67296?
True
Does 85 divide 6545?
True
Is 13 a factor of 55021?
False
Is 226 a factor of 14238?
True
Does 114 divide 10374?
True
Is 4360 a multiple of 20?
True
Is 8 a factor of 3024?
True
Does 18 divide 2034?
True
Is 58 a factor of 656?
False
Is 1128 a multiple of 8?
True
Is 41 a factor of 14022?
True
Does 21 divide 11226?
False
Does 33 divide 726?
True
Is 225 a multiple of 15?
True
Does 17 divide 635?
False
Is 6830 a multiple of 10?
True
Does 79 divide 2449?
True
Does 11 divide 2640?
True
Is 13 a factor of 1469?
True
Is 2752 a multiple of 18?
False
Does 18 divide 3884?
False
Does 10 divide 190?
True
Is 288 a multiple of 18?
True
Is 32 a factor of 2432?
True
Is 1395 a multiple of 9?
True
Does 26 divide 50128?
True
Is 20 a factor of 5100?
True
Is 13 a factor of 363?
False
Is 742 a multiple of 53?
True
Does 18 divide 833?
False
Is 43 a factor of 7325?
False
Is 1630 a multiple of 61?
False
Is 23214 a multiple of 73?
True
Is 4 a factor of 174?
False
Does 60 divide 92640?
True
Does 4 divide 229?
False
Is 290 a multiple of 50?
False
Is 12 a factor of 681?
False
Is 10 a factor of 8980?
True
Is 5 a factor of 22?
False
Is 6 a factor of 9942?
True
Is 22825 a multiple of 19?
False
Is 11 a factor of 75134?
False
Is 23 a factor of 2277?
True
Is 18 a factor of 253?
False
Is 16 a factor of 14708?
False
Is 4 a factor of 251?
False
Is 7 a factor of 315?
True
Is 18 a factor of 4932?
True
Does 92 divide 1840?
True
Is 218 a multiple of 2?
True
Is 414 a multiple of 23?
True
Is 21 a factor of 3927?
True
Is 52 a factor of 11284?
True
Is 51 a factor of 1020?
True
Is 131 a multiple of 9?
False
Is 6 a factor of 186?
True
Is 20 a factor of 17480?
True
Is 15544 a multiple of 40?
False
Is 63 a factor of 630?
True
Is 17 a factor of 5440?
True
Does 33 divide 91410?
True
Is 9 a factor of 6012?
True
Is 48 a multiple of 3?
True
Is 3 a factor of 5499?
True
Does 4 divide 13?
False
Is 40 a factor of 17469?
False
Is 66 a factor of 2160?
False
Is 157 a multiple of 5?
False
Is 80 a multiple of 5?
True
Is 17 a factor of 22900?
False
Does 11 divide 1210?
True
Does 7 divide 161?
True
Is 2205 a multiple of 15?
True
Does 34 divide 698?
False
Does 24 divide 514?
False
Is 13 a factor of 520?
True
Is 47141 a multiple of 59?
True
Does 100 divide 17248?
False
Does 17 divide 678?
False
Is 1131 a multiple of 17?
False
Is 449 a multiple of 30?
False
Is 54 a factor of 22474?
False
Is 35 a factor of 22575?
True
Is 9 a factor of 9034?
False
Is 150 a multiple of 5?
True
Does 6 divide 5382?
True
Does 48 divide 336?
True
Does 11 divide 1474?
True
Does 107 divide 44650?
False
Does 51 divide 12678?
False
Is 22 a factor of 176?
True
Is 4752 a multiple of 88?
True
Is 8753 a multiple of 6?
False
Does 12 divide 9504?
True
Is 5236 a multiple of 14?
True
Is 5240 a multiple of 5?
True
Does 10 divide 33332?
False
Is 10 a factor of 820?
True
Is 6526 a multiple of 11?
False
Is 9 a factor of 4023?
True
Does 11 divide 1999?
False
Does 21 divide 20690?
